{"id":603,"date":"2013-07-05T09:59:19","date_gmt":"2013-07-05T09:59:19","guid":{"rendered":"http:\/\/localhost\/whb\/?page_id=603"},"modified":"2024-11-06T12:36:47","modified_gmt":"2024-11-06T11:36:47","slug":"home","status":"publish","type":"page","link":"https:\/\/www.pamiecin.org\/","title":{"rendered":"Parafia p.w. \u015aw. Jana Chrzciciela w Pami\u0119cinie"},"content":{"rendered":"<p><!-- \n\n\n<ul>\n\n\n<li><a href=\"https:\/\/www.pamiecin.org\/?p=2496\"><strong>ZAPYTANIE OFERTOWE - Remont ko\u015bcio\u0142a parafialnego p.w. \u015bw. Jana Chrzciciela w Pami\u0119cinie.<\/strong> [Dodano 02.10.2024 o 19.30]<\/a><\/li>\n\n\n<\/ul>\n\n --><\/p>\n<div class=\"resources_item clearfix even\">\n<div class=\"resource_meta\">\n<h5 class=\"resource_title\">&ldquo;Kim by\u0142 Jan Chrzciciel?&rdquo;<\/h5>\n<\/p><\/div>\n<div class=\"resource_btn\" id=\"btn_1634\">\n<p>                    <a href=\"https:\/\/www.youtube.com\/watch?v=vY3ESl8FemQ\" rel=\"prettyPhoto[1634]\" class=\"resources_download play prettyPhoto resources_margin\">Play<\/a>\n                            <\/div>\n<\/div>\n<style type=\"text\/css\">\n\t\t\t#gallery-1 {\n\t\t\t\tmargin: auto;\n\t\t\t}\n\t\t\t#gallery-1 .gallery-item {\n\t\t\t\tfloat: left;\n\t\t\t\tmargin-top: 10px;\n\t\t\t\ttext-align: center;\n\t\t\t\twidth: 33%;\n\t\t\t}\n\t\t\t#gallery-1 img {\n\t\t\t\tborder: 2px solid #cfcfcf;\n\t\t\t}\n\t\t\t#gallery-1 .gallery-caption {\n\t\t\t\tmargin-left: 0;\n\t\t\t}\n\t\t\t\/* see gallery_shortcode() in wp-includes\/media.php *\/\n\t\t<\/style>\n<div id='gallery-1' class='gallery galleryid-603 gallery-columns-3 gallery-size-thumbnail'>\n<dl class='gallery-item'>\n<dt class='gallery-icon landscape'>\n\t\t\t\t<a href='https:\/\/www.pamiecin.org\/wp-content\/uploads\/2014\/05\/67132-pamiecin.jpg'><img loading=\"lazy\" decoding=\"async\" width=\"150\" height=\"150\" src=\"https:\/\/www.pamiecin.org\/wp-content\/uploads\/2014\/05\/67132-pamiecin-150x150.jpg\" class=\"attachment-thumbnail size-thumbnail\" alt=\"\" \/><\/a>\n\t\t\t<\/dt>\n<\/dl>\n<dl class='gallery-item'>\n<dt class='gallery-icon landscape'>\n\t\t\t\t<a href='https:\/\/www.pamiecin.org\/wp-content\/uploads\/2014\/05\/67133-pamiecin.jpg'><img loading=\"lazy\" decoding=\"async\" width=\"150\" height=\"150\" src=\"https:\/\/www.pamiecin.org\/wp-content\/uploads\/2014\/05\/67133-pamiecin-150x150.jpg\" class=\"attachment-thumbnail size-thumbnail\" alt=\"\" \/><\/a>\n\t\t\t<\/dt>\n<\/dl>\n<dl class='gallery-item'>\n<dt class='gallery-icon landscape'>\n\t\t\t\t<a href='https:\/\/www.pamiecin.org\/wp-content\/uploads\/2014\/05\/67134-pamiecin.jpg'><img loading=\"lazy\" decoding=\"async\" width=\"150\" height=\"150\" src=\"https:\/\/www.pamiecin.org\/wp-content\/uploads\/2014\/05\/67134-pamiecin-150x150.jpg\" class=\"attachment-thumbnail size-thumbnail\" alt=\"\" \/><\/a>\n\t\t\t<\/dt>\n<\/dl>\n<p><br style=\"clear: both\" \/><\/p>\n<dl class='gallery-item'>\n<dt class='gallery-icon portrait'>\n\t\t\t\t<a href='https:\/\/www.pamiecin.org\/wp-content\/uploads\/2014\/05\/67135-pamiecin.jpg'><img loading=\"lazy\" decoding=\"async\" width=\"150\" height=\"150\" src=\"https:\/\/www.pamiecin.org\/wp-content\/uploads\/2014\/05\/67135-pamiecin-150x150.jpg\" class=\"attachment-thumbnail size-thumbnail\" alt=\"\" \/><\/a>\n\t\t\t<\/dt>\n<\/dl>\n<dl class='gallery-item'>\n<dt class='gallery-icon landscape'>\n\t\t\t\t<a href='https:\/\/www.pamiecin.org\/wp-content\/uploads\/2014\/05\/67137-pamiecin.jpg'><img loading=\"lazy\" decoding=\"async\" width=\"150\" height=\"150\" src=\"https:\/\/www.pamiecin.org\/wp-content\/uploads\/2014\/05\/67137-pamiecin-150x150.jpg\" class=\"attachment-thumbnail size-thumbnail\" alt=\"\" \/><\/a>\n\t\t\t<\/dt>\n<\/dl>\n<dl class='gallery-item'>\n<dt class='gallery-icon landscape'>\n\t\t\t\t<a href='https:\/\/www.pamiecin.org\/wp-content\/uploads\/2014\/05\/67138-pamiecin.jpg'><img loading=\"lazy\" decoding=\"async\" width=\"150\" height=\"150\" src=\"https:\/\/www.pamiecin.org\/wp-content\/uploads\/2014\/05\/67138-pamiecin-150x150.jpg\" class=\"attachment-thumbnail size-thumbnail\" alt=\"\" \/><\/a>\n\t\t\t<\/dt>\n<\/dl>\n<p><br style=\"clear: both\" \/><\/p>\n<dl class='gallery-item'>\n<dt class='gallery-icon landscape'>\n\t\t\t\t<a href='https:\/\/www.pamiecin.org\/wp-content\/uploads\/2014\/05\/67139-pamiecin.jpg'><img loading=\"lazy\" decoding=\"async\" width=\"150\" height=\"150\" src=\"https:\/\/www.pamiecin.org\/wp-content\/uploads\/2014\/05\/67139-pamiecin-150x150.jpg\" class=\"attachment-thumbnail size-thumbnail\" alt=\"\" \/><\/a>\n\t\t\t<\/dt>\n<\/dl>\n<dl class='gallery-item'>\n<dt class='gallery-icon portrait'>\n\t\t\t\t<a href='https:\/\/www.pamiecin.org\/wp-content\/uploads\/2014\/05\/67140-pamiecin.jpg'><img loading=\"lazy\" decoding=\"async\" width=\"150\" height=\"150\" src=\"https:\/\/www.pamiecin.org\/wp-content\/uploads\/2014\/05\/67140-pamiecin-150x150.jpg\" class=\"attachment-thumbnail size-thumbnail\" alt=\"\" \/><\/a>\n\t\t\t<\/dt>\n<\/dl>\n<dl class='gallery-item'>\n<dt class='gallery-icon portrait'>\n\t\t\t\t<a href='https:\/\/www.pamiecin.org\/wp-content\/uploads\/2014\/05\/67141-pamiecin.jpg'><img loading=\"lazy\" decoding=\"async\" width=\"150\" height=\"150\" src=\"https:\/\/www.pamiecin.org\/wp-content\/uploads\/2014\/05\/67141-pamiecin-150x150.jpg\" class=\"attachment-thumbnail size-thumbnail\" alt=\"\" \/><\/a>\n\t\t\t<\/dt>\n<\/dl>\n<p><br style=\"clear: both\" \/><\/p>\n<dl class='gallery-item'>\n<dt class='gallery-icon portrait'>\n\t\t\t\t<a href='https:\/\/www.pamiecin.org\/wp-content\/uploads\/2014\/05\/67142-pamiecin.jpg'><img loading=\"lazy\" decoding=\"async\" width=\"150\" height=\"150\" src=\"https:\/\/www.pamiecin.org\/wp-content\/uploads\/2014\/05\/67142-pamiecin-150x150.jpg\" class=\"attachment-thumbnail size-thumbnail\" alt=\"\" \/><\/a>\n\t\t\t<\/dt>\n<\/dl>\n<dl class='gallery-item'>\n<dt class='gallery-icon portrait'>\n\t\t\t\t<a href='https:\/\/www.pamiecin.org\/wp-content\/uploads\/2014\/05\/67143-pamiecin.jpg'><img loading=\"lazy\" decoding=\"async\" width=\"150\" height=\"150\" src=\"https:\/\/www.pamiecin.org\/wp-content\/uploads\/2014\/05\/67143-pamiecin-150x150.jpg\" class=\"attachment-thumbnail size-thumbnail\" alt=\"\" \/><\/a>\n\t\t\t<\/dt>\n<\/dl>\n<dl class='gallery-item'>\n<dt class='gallery-icon landscape'>\n\t\t\t\t<a href='https:\/\/www.pamiecin.org\/wp-content\/uploads\/2014\/05\/67144-pamiecin.jpg'><img loading=\"lazy\" decoding=\"async\" width=\"150\" height=\"150\" src=\"https:\/\/www.pamiecin.org\/wp-content\/uploads\/2014\/05\/67144-pamiecin-150x150.jpg\" class=\"attachment-thumbnail size-thumbnail\" alt=\"\" \/><\/a>\n\t\t\t<\/dt>\n<\/dl>\n<p><br style=\"clear: both\" \/><\/p>\n<dl class='gallery-item'>\n<dt class='gallery-icon portrait'>\n\t\t\t\t<a href='https:\/\/www.pamiecin.org\/wp-content\/uploads\/2014\/05\/67145-pamiecin.jpg'><img loading=\"lazy\" decoding=\"async\" width=\"150\" height=\"150\" src=\"https:\/\/www.pamiecin.org\/wp-content\/uploads\/2014\/05\/67145-pamiecin-150x150.jpg\" class=\"attachment-thumbnail size-thumbnail\" alt=\"\" \/><\/a>\n\t\t\t<\/dt>\n<\/dl>\n<dl class='gallery-item'>\n<dt class='gallery-icon portrait'>\n\t\t\t\t<a href='https:\/\/www.pamiecin.org\/wp-content\/uploads\/2014\/05\/67146-pamiecin.jpg'><img loading=\"lazy\" decoding=\"async\" width=\"150\" height=\"150\" src=\"https:\/\/www.pamiecin.org\/wp-content\/uploads\/2014\/05\/67146-pamiecin-150x150.jpg\" class=\"attachment-thumbnail size-thumbnail\" alt=\"\" \/><\/a>\n\t\t\t<\/dt>\n<\/dl>\n<dl class='gallery-item'>\n<dt class='gallery-icon portrait'>\n\t\t\t\t<a href='https:\/\/www.pamiecin.org\/wp-content\/uploads\/2014\/05\/z-pamiecina.jpg'><img loading=\"lazy\" decoding=\"async\" width=\"150\" height=\"150\" src=\"https:\/\/www.pamiecin.org\/wp-content\/uploads\/2014\/05\/z-pamiecina-150x150.jpg\" class=\"attachment-thumbnail size-thumbnail\" alt=\"\" \/><\/a>\n\t\t\t<\/dt>\n<\/dl>\n<p><br style=\"clear: both\" \/>\n\t\t<\/div>\n","protected":false},"excerpt":{"rendered":"<p>&ldquo;Kim by\u0142 Jan Chrzciciel?&rdquo; Play<\/p>\n","protected":false},"author":1,"featured_media":0,"parent":0,"menu_order":0,"comment_status":"closed","ping_status":"closed","template":"","meta":{"footnotes":""},"class_list":["post-603","page","type-page","status-publish","hentry"],"_links":{"self":[{"href":"https:\/\/www.pamiecin.org\/index.php?rest_route=\/wp\/v2\/pages\/603","targetHints":{"allow":["GET"]}}],"collection":[{"href":"https:\/\/www.pamiecin.org\/index.php?rest_route=\/wp\/v2\/pages"}],"about":[{"href":"https:\/\/www.pamiecin.org\/index.php?rest_route=\/wp\/v2\/types\/page"}],"author":[{"embeddable":true,"href":"https:\/\/www.pamiecin.org\/index.php?rest_route=\/wp\/v2\/users\/1"}],"replies":[{"embeddable":true,"href":"https:\/\/www.pamiecin.org\/index.php?rest_route=%2Fwp%2Fv2%2Fcomments&post=603"}],"version-history":[{"count":28,"href":"https:\/\/www.pamiecin.org\/index.php?rest_route=\/wp\/v2\/pages\/603\/revisions"}],"predecessor-version":[{"id":2505,"href":"https:\/\/www.pamiecin.org\/index.php?rest_route=\/wp\/v2\/pages\/603\/revisions\/2505"}],"wp:attachment":[{"href":"https:\/\/www.pamiecin.org\/index.php?rest_route=%2Fwp%2Fv2%2Fmedia&parent=603"}],"curies":[{"name":"wp","href":"https:\/\/api.w.org\/{rel}","templated":true}]}}