{"id":545,"date":"2013-07-04T10:48:09","date_gmt":"2013-07-04T10:48:09","guid":{"rendered":"http:\/\/localhost\/whb\/?page_id=545"},"modified":"2014-05-20T15:18:57","modified_gmt":"2014-05-20T13:18:57","slug":"donate","status":"publish","type":"page","link":"https:\/\/www.pamiecin.org\/?page_id=545","title":{"rendered":"Wsparcie"},"content":{"rendered":"<div class=\"donate_img\"><img loading=\"lazy\" decoding=\"async\" class=\"aligncenter size-full wp-image-1051\" src=\"http:\/\/www.pamiecin.org\/wp-content\/uploads\/2013\/07\/ofiara.jpg\" alt=\"ofiara\" width=\"666\" height=\"309\" srcset=\"https:\/\/www.pamiecin.org\/wp-content\/uploads\/2013\/07\/ofiara.jpg 666w, https:\/\/www.pamiecin.org\/wp-content\/uploads\/2013\/07\/ofiara-300x139.jpg 300w\" sizes=\"auto, (max-width: 666px) 100vw, 666px\" \/><\/div>\n<div class=\"middle_txt\">\n<p>Je\u015bli chcia\u0142by\u015b z\u0142o\u017cy\u0107 ofiar\u0119 na utrzymanie i rozw\u00f3j parafii oraz na jej dzia\u0142alno\u015b\u0107 charytatywn\u0105 i kulturaln\u0105, mo\u017cesz to uczyni\u0107 wp\u0142acaj\u0105c dowoln\u0105 kwot\u0119 na konto parafialne:<\/p>\n<\/div>\n<div class=\"btn_donate\"><a class=\"donate_btn\">82 1090 1128 0000 0001 1558 6580<\/a><\/div>\n<div class=\"middle_txt\">\n<h5 class=\"important\">B\u00f3g zap\u0142a\u0107 ludziom dobrej woli!<\/h5>\n<\/div>\n<p><img decoding=\"async\" class=\"aligncenter\" src=\"http:\/\/www.pamiecin.org\/wp-content\/uploads\/2013\/07\/hearts.png\" alt=\"\" \/><\/p>\n","protected":false},"excerpt":{"rendered":"<p>Je\u015bli chcia\u0142by\u015b z\u0142o\u017cy\u0107 ofiar\u0119 na utrzymanie i rozw\u00f3j parafii oraz na jej dzia\u0142alno\u015b\u0107 charytatywn\u0105 i kulturaln\u0105, mo\u017cesz to uczyni\u0107 wp\u0142acaj\u0105c dowoln\u0105 kwot\u0119 na konto parafialne: 82 1090 1128 0000 0001 1558 6580 B\u00f3g zap\u0142a\u0107 ludziom dobrej woli!<\/p>\n","protected":false},"author":1,"featured_media":0,"parent":0,"menu_order":0,"comment_status":"open","ping_status":"open","template":"template-page-large.php","meta":{"footnotes":""},"class_list":["post-545","page","type-page","status-publish","hentry"],"_links":{"self":[{"href":"https:\/\/www.pamiecin.org\/index.php?rest_route=\/wp\/v2\/pages\/545","targetHints":{"allow":["GET"]}}],"collection":[{"href":"https:\/\/www.pamiecin.org\/index.php?rest_route=\/wp\/v2\/pages"}],"about":[{"href":"https:\/\/www.pamiecin.org\/index.php?rest_route=\/wp\/v2\/types\/page"}],"author":[{"embeddable":true,"href":"https:\/\/www.pamiecin.org\/index.php?rest_route=\/wp\/v2\/users\/1"}],"replies":[{"embeddable":true,"href":"https:\/\/www.pamiecin.org\/index.php?rest_route=%2Fwp%2Fv2%2Fcomments&post=545"}],"version-history":[{"count":7,"href":"https:\/\/www.pamiecin.org\/index.php?rest_route=\/wp\/v2\/pages\/545\/revisions"}],"predecessor-version":[{"id":1053,"href":"https:\/\/www.pamiecin.org\/index.php?rest_route=\/wp\/v2\/pages\/545\/revisions\/1053"}],"wp:attachment":[{"href":"https:\/\/www.pamiecin.org\/index.php?rest_route=%2Fwp%2Fv2%2Fmedia&parent=545"}],"curies":[{"name":"wp","href":"https:\/\/api.w.org\/{rel}","templated":true}]}}

<div class="donate_img"><img loading="lazy" decoding="async" class="aligncenter size-full wp-image-1051" src="http://www.pamiecin.org/wp-content/uploads/2013/07/ofiara.jpg" alt="ofiara" width="666" height="309" srcset="https://www.pamiecin.org/wp-content/uploads/2013/07/ofiara.jpg 666w, https://www.pamiecin.org/wp-content/uploads/2013/07/ofiara-300x139.jpg 300w" sizes="auto, (max-width: 666px) 100vw, 666px" /></div>
<div class="middle_txt">
<p>Jeśli chciałbyś złożyć ofiarę na utrzymanie i rozwój parafii oraz na jej działalność charytatywną i kulturalną, możesz to uczynić wpłacając dowolną kwotę na konto parafialne:</p>
</div>
<div class="btn_donate"><a class="donate_btn">82 1090 1128 0000 0001 1558 6580</a></div>
<div class="middle_txt">
<h5 class="important">Bóg zapłać ludziom dobrej woli!</h5>
</div>
<p><img decoding="async" class="aligncenter" src="http://www.pamiecin.org/wp-content/uploads/2013/07/hearts.png" alt="" /></p>

<p>Jeśli chciałbyś złożyć ofiarę na utrzymanie i rozwój parafii oraz na jej działalność charytatywną i kulturalną, możesz to uczynić wpłacając dowolną kwotę na konto parafialne: 82 1090 1128 0000 0001 1558 6580 Bóg zapłać ludziom dobrej woli!</p>
