{"id":1501,"date":"2014-05-28T14:19:33","date_gmt":"2014-05-28T12:19:33","guid":{"rendered":"http:\/\/www.pamiecin.org\/?page_id=1501"},"modified":"2014-06-07T19:49:47","modified_gmt":"2014-06-07T17:49:47","slug":"biuro-parafialne","status":"publish","type":"page","link":"https:\/\/www.pamiecin.org\/?page_id=1501","title":{"rendered":"Biuro parafialne"},"content":{"rendered":"<p style=\"text-indent: 1cm; text-align: justify;\">Zapraszamy do biura parafialnego przez p\u00f3\u0142 godziny po zako\u0144czeniu wieczornej Mszy \u015aw., z wyj\u0105tkiem sob\u00f3t i niedziel oraz uroczysto\u015bci ko\u015bcielnych i pa\u0144stwowych.<\/p>\n<p style=\"text-indent: 1cm; text-align: justify;\">Mo\u017cesz si\u0119 r\u00f3wnie\u017c telefonicznie um\u00f3wi\u0107 na spotkanie z ksi\u0119dzem proboszczem. <strong>Zawsze jeste\u015b mile widziany!<\/strong><\/p>\n<p style=\"text-indent: 1cm; text-align: justify;\">Przed po\u0142udniem biuro jest nieczynne.<\/p>\n<p style=\"text-indent: 1cm; text-align: justify;\">Je\u015bli sprawa jest bardzo pilna, mo\u017cna zatelefonowa\u0107 pod numer kom\u00f3rkowy +48.502.450.971.<\/p>\n<p style=\"text-indent: 1cm; text-align: justify;\"><span style=\"text-decoration: underline;\"><strong>Adres:<\/strong><\/span><\/p>\n<p style=\"text-indent: 2cm; text-align: justify;\">Biuro Parafialne<\/p>\n<p style=\"text-indent: 2cm; text-align: justify;\">Parafii p.w. \u015aw. Jana Chrzciciela w Pami\u0119cinie<\/p>\n<p style=\"text-indent: 2cm; text-align: justify;\">Pami\u0119cin 22<\/p>\n<p style=\"text-indent: 2cm; text-align: justify;\">62-812 Jastrz\u0119bniki<\/p>\n<p style=\"text-indent: 2cm; text-align: justify;\">tel.: 62.751.25.79.<\/p>\n<p style=\"text-indent: 1cm; text-align: justify;\">Je\u015bli chcia\u0142by\u015b z\u0142o\u017cy\u0107 ofiar\u0119 na utrzymanie i rozw\u00f3j parafii oraz na jej dzia\u0142alno\u015b\u0107 charytatywn\u0105 i kulturaln\u0105, mo\u017cesz to uczyni\u0107 wp\u0142acaj\u0105c dowoln\u0105 kwot\u0119 na konto parafialne<\/p>\n<p style=\"text-align: center;\"><strong>82 1090 1128 0000 0001 1558 6580<\/strong><\/p>\n<p style=\"text-indent: 1cm; text-align: justify;\"><em>W imieniu wsp\u00f3lnoty parafialnej sk\u0142adam serdeczne podzi\u0119kowania wszystkim hojnym ludziom o otwartych sercach i umys\u0142ach, rozumiej\u0105cych jak wa\u017cna jest wsp\u00f3\u0142praca na rzecz lokalnej spo\u0142eczno\u015bci.<\/em><\/p>\n<p style=\"text-align: right;\"><em>ks. Jaros\u0142aw Jasianek<\/em><\/p>\n","protected":false},"excerpt":{"rendered":"<p>Zapraszamy do biura parafialnego przez p\u00f3\u0142 godziny po zako\u0144czeniu wieczornej Mszy \u015aw., z wyj\u0105tkiem sob\u00f3t i niedziel oraz uroczysto\u015bci ko\u015bcielnych i pa\u0144stwowych. Mo\u017cesz si\u0119 r\u00f3wnie\u017c telefonicznie um\u00f3wi\u0107 na spotkanie z ksi\u0119dzem proboszczem. Zawsze jeste\u015b mile widziany! Przed po\u0142udniem biuro jest nieczynne. Je\u015bli sprawa jest bardzo pilna, mo\u017cna zatelefonowa\u0107 pod numer kom\u00f3rkowy +48.502.450.971. Adres: Biuro Parafialne Parafii p.w. \u015aw. Jana Chrzciciela w Pami\u0119cinie Pami\u0119cin 22 62-812 Jastrz\u0119bniki tel.: 62.751.25.79. Je\u015bli chcia\u0142by\u015b&#8230;<a href=\"https:\/\/www.pamiecin.org\/?page_id=1501\" class=\"read_link\"><span>czytaj dalej &raquo;<\/span><\/a><\/p>\n","protected":false},"author":1,"featured_media":0,"parent":0,"menu_order":0,"comment_status":"open","ping_status":"open","template":"template-page-large.php","meta":{"footnotes":""},"class_list":["post-1501","page","type-page","status-publish","hentry"],"_links":{"self":[{"href":"https:\/\/www.pamiecin.org\/index.php?rest_route=\/wp\/v2\/pages\/1501","targetHints":{"allow":["GET"]}}],"collection":[{"href":"https:\/\/www.pamiecin.org\/index.php?rest_route=\/wp\/v2\/pages"}],"about":[{"href":"https:\/\/www.pamiecin.org\/index.php?rest_route=\/wp\/v2\/types\/page"}],"author":[{"embeddable":true,"href":"https:\/\/www.pamiecin.org\/index.php?rest_route=\/wp\/v2\/users\/1"}],"replies":[{"embeddable":true,"href":"https:\/\/www.pamiecin.org\/index.php?rest_route=%2Fwp%2Fv2%2Fcomments&post=1501"}],"version-history":[{"count":1,"href":"https:\/\/www.pamiecin.org\/index.php?rest_route=\/wp\/v2\/pages\/1501\/revisions"}],"predecessor-version":[{"id":1502,"href":"https:\/\/www.pamiecin.org\/index.php?rest_route=\/wp\/v2\/pages\/1501\/revisions\/1502"}],"wp:attachment":[{"href":"https:\/\/www.pamiecin.org\/index.php?rest_route=%2Fwp%2Fv2%2Fmedia&parent=1501"}],"curies":[{"name":"wp","href":"https:\/\/api.w.org\/{rel}","templated":true}]}}